et c be 6 + ((-56373)/(-25) - 1/((-300)/24)). Calculate the highest common divisor of 266 and c.
133
Let n(p) = 284*p**3 + 5*p**2 + 3*p - 4. Let m be n(1). Calculate the greatest common factor of 774 and m.
18
Let g(m) = 5*m**3 - 4*m**2 - 2*m + 5. Let l be g(5). Let r = 49668 + -49603. What is the highest common divisor of r and l?
65
Suppose -57*i - 33210 = -87*i. Calculate the greatest common factor of 123 and i.
123
Suppose -3*b = 4*p - 1360, 3*p + 2*b = -486 + 1506. Calculate the highest common divisor of p and 40.
20
Suppose -15*t + 4162 = -6638. What is the greatest common factor of 315 and t?
45
Let n(k) = k**2 - 13*k + 101. Let t be n(9). Suppose -3*v - 3380 = -4*q, -7*q = -5*q + v - 1690. Calculate the highest common factor of t and q.
65
Suppose 0 = 4*b - 5*b - 2*d - 472, 5*b + 2347 = 3*d. Let o = b - -542. What is the greatest common factor of o and 32?
8
Let x be 22 - -1 - (50 - 60). Calculate the greatest common factor of 3300 and x.
33
Let c = 107 - 59. Let b be (0 - 2*1/(-10))*335. Suppose -164 = -2*u - 4*l, u - 3*l = -2*l + b. Calculate the greatest common factor of u and c.
24
Suppose -19 = -5*p - o, -5*p - 8*o + 9*o + 21 = 0. Suppose 2*b + p*d - 25 = -3*b, -3*b - 3*d = -15. Calculate the greatest common factor of 190 and b.
5
Let i = 485 - 468. Suppose i*j + 25*j - 420 = 0. What is the greatest common divisor of 90 and j?
10
Let k(c) = 4*c**2 - 15*c - 103. Let a be k(-11). Let p = 560 - a. Calculate the highest common divisor of p and 854.
14
Let a(r) = -r**2 + 43*r - 196. Let h be a(12). Calculate the greatest common divisor of 7128 and h.
88
Suppose 0 = 206*z - 4994 - 1598. Let w = -251 - -603. What is the greatest common divisor of z and w?
32
Let h(d) = -110*d - 1065. Let m be h(-10). Let i(n) = n**3 + n**2 - 2*n - 1. Let y be i(2). Calculate the highest common divisor of y and m.
7
Let v be (3/(-5) + -1)/(6/(-15)). Suppose -v*g - g + 295 = 0. Suppose -37 - g = -6*m. Calculate the highest common factor of m and 80.
16
Suppose -34*j + 165*j - 216 - 308 = 0. Calculate the greatest common factor of 1348 and j.
4
Suppose 1344 = 17*z + 19*z - 12*z. What is the highest common factor of z and 904?
8
Suppose 51*q + 75 = 34*q + 279. Calculate the greatest common divisor of q and 73.
1
Let c = -461 + 631. Suppose 40 = 4*t - 0*t. Calculate the greatest common factor of c and t.
10
Suppose 3*i = -0*i + 153. Suppose -122 = -f + 2*o + 297, 1706 = 4*f + 2*o. What is the greatest common divisor of i and f?
17
Let d = 11 + -51. Let k = 53 + d. Suppose 10*a = k*a - 42. What is the highest common factor of 35 and a?
7
Suppose 9 - 3 = -2*j, 3*j + 1035 = 3*k. Suppose k = 75*p - 69*p. What is the greatest common divisor of p and 456?
57
Let w(q) = -2*q**3 - 23*q**2 + q - 212. Let j be w(-14). Calculate the highest common divisor of j and 13.
13
Let r(h) = 8*h - 62. Let u be r(14). Suppose 2*k + 54 = 4*k. Suppose 6*q = 153 + k. Calculate the highest common divisor of q and u.
10
Suppose 2*v + 25*v - 46767 = 7098. What is the greatest common divisor of v and 840?
105
Let f = -1897 + 2699. What is the greatest common divisor of f and 4?
2
Let s = 765 + -127. Let v be (-31)/(-62)*-58 + 87. Calculate the greatest common divisor of v and s.
58
Let a be ((-16)/56)/((-1)/7). Let z be (-2 + a + -3)*(-70)/15. What is the greatest common factor of 140 and z?
14
Let t(f) = f**3 + 8*f**2 - 11*f - 84. Let r be t(-8). Suppose c = 34 + 354. Calculate the greatest common factor of r and c.
4
Let b = 194 + -164. Let t(k) = 2*k + 8. Let f be t(-2). Suppose 6*p - p - f*i = 505, 2*i + 515 = 5*p. Calculate the greatest common divisor of p and b.
15
Suppose 3*p - 37 = -2*f, 486*p - 56 = -3*f + 482*p. What is the highest common factor of f and 148?
4
Suppose 0 = 5*z - 156*k + 152*k - 602, 4*k - 1472 = -12*z. Calculate the greatest common divisor of z and 2318.
122
Suppose 3*a + 2*i - 406 = 0, -64*i = 5*a - 63*i - 665. What is the greatest common factor of a and 297?
33
Suppose -27*p + 29*p - 216 = -4*v, -3*p + 3*v = -270. What is the highest common divisor of p and 292?
4
Let y be -1 + 360/84 + (-2)/7. Suppose p - 2*b + b - 2 = 0, p = -y*b - 2. Let s be (17 + 1)*p/2. What is the highest common factor of s and 18?
9
Let j be (-3 - -6)*(6/9)/(-1). Let l be (-8)/(0 + j)*11. Let s be (8/l - 0) + 240/11. What is the greatest common factor of s and 2?
2
Let q = 4732 - -1425. What is the highest common factor of q and 47?
47
Let y = 1545 - -75. Suppose -5*r - 13*r + y = 0. What is the highest common divisor of r and 330?
30
Suppose -168 = -18*u - 10*u. Calculate the greatest common divisor of u and 81.
3
Let n(o) = -34*o + 6. Let u be n(-3). Suppose -38*f - 9180 = -72*f. Calculate the greatest common factor of f and u.
54
Suppose 2*g = 4*m + 32, g + 1 = -3*g - 5*m. Let j be ((-81)/g - 4)*-2. Let s = 203 + -198. What is the greatest common factor of j and s?
5
Let y(t) = -18*t**2 + 117*t - 26. Let h be y(6). Calculate the highest common factor of 28 and h.
28
Let h be (-57)/(-12) + (-21)/28. Suppose 2*f + 3*f - h*c = 158, -3*f + 82 = 4*c. What is the highest common factor of 110 and f?
10
Let y be (-45 + 73)*(-1 + 2). Calculate the greatest common divisor of 6636 and y.
28
Let i be (632 + 14)*10/(-4). Let s be ((-12)/10)/(34/i). Calculate the highest common divisor of s and 38.
19
Suppose 5*i + 20 = 0, -2*c + 59 + 9 = 5*i. Let m(a) = 53*a**3 + a**2 - a + 2. Let g be m(1). What is the highest common factor of c and g?
11
Suppose -4*g + 625 + 647 = 0. Let c = 346 - g. Calculate the highest common factor of c and 168.
28
Let i be (-72)/(-84)*56*(-12951)/(-54). Calculate the highest common divisor of 8 and i.
8
Let n be ((-53 + -16)/23)/((-6)/172). Let g be ((-946)/(-8))/((-1)/(-8)). What is the greatest common factor of n and g?
86
Suppose -g - 2*b + 92 + 811 = 0, -3*b = 18. Calculate the highest common factor of g and 600.
15
Let p = -2165 + 2252. What is the highest common divisor of p and 2349?
87
Let w = 34 - 120. Let j = w + 90. Let g be 274/j - 3/6. Calculate the highest common factor of g and 17.
17
Suppose -3*t - t = -4. Let o(v) = -4*v - 31 - 2*v - 12*v - v - 2*v**2. Let p be o(-4). Calculate the greatest common divisor of t and p.
1
Suppose k = 4*b - 521, 22*b + k - 129 = 21*b. What is the highest common factor of b and 2535?
65
Suppose g - 3 = 7. Let z(d) = d**2 - 15*d - 54. Let y be z(15). Let u be 0 + 37 - y/18. What is the greatest common factor of g and u?
10
Suppose -3*b + 314 = 4*q, -3*b - 16*q + 308 = -15*q. Let r = b + -80. Calculate the greatest common divisor of r and 374.
22
Let z(g) = -7*g**2 + 6*g - 12. Let x(h) = 22*h**2 - 17*h + 36. Let p(q) = -2*x(q) - 7*z(q). Let c be p(9). Calculate the highest common divisor of 69 and c.
69
Let u = -1749 - -2057. Calculate the greatest common factor of u and 266.
14
Suppose -10*d = -7 - 13. Suppose 2*k + 5*t - 204 = -2*k, -51 = -k + d*t. What is the highest common divisor of k and 255?
51
Let i be ((-1)/(-4))/((-1)/(-44)). Let t(r) = 2*r + 20. Let p be t(i). Calculate the greatest common factor of 84 and p.
42
Let f = 54001 + -53991. Suppose -x = -r + 3, 2*x = -2*r - 0 - 2. Let z be 1/x + 141/2. What is the greatest common divisor of f and z?
10
Suppose -25*m + 21*m = 0. Suppose -2*f - 2*o = -27 - 279, 3*f + 2*o - 463 = m. Suppose -f - 383 = -12*h. What is the greatest common divisor of h and 30?
15
Let j be 234/72 - 19/((-228)/(-15)). Let h be (0 - -2)*10/4. Suppose h + 27 = 4*z. What is the greatest common factor of z and j?
2
Let o be 9/21 - 1005/(-7). Let r = o - 99. Suppose -34*k + 35*k - 2*j + 5 = 0, -3*j + 5 = -2*k. What is the greatest common divisor of k and r?
5
Suppose -960 = -4*a - 317*u + 322*u, -2*a + 482 = -2*u. Calculate the greatest common factor of 140 and a.
35
Let k be 122 + -109 + (0 - -30538). What is the highest common divisor of 137 and k?
137
Suppose 0 = -13*h + 73 - 34. Let z be (7 + 435)/(h + -1). Calculate the greatest common divisor of 26 and z.
13
Suppose -h - 29 + 148 = 0. Let i(k) = -k**3 - 32*k**2 + 35*k + 100. Let b be i(-33). Calculate the highest common divisor of h and b.
17
Suppose 2*g + 52 = -j + g, -42 = j - 4*g. Let w = -292 + 200. Let x = j - w. Calculate the greatest common factor of 21 and x.
21
Suppose 7*l + 0*l - 2772 = 0. Let u(b) = 43*b**2 + b + 2. Let j be u(2).